{"id":27,"date":"2024-10-09T15:28:18","date_gmt":"2024-10-09T15:28:18","guid":{"rendered":"https:\/\/desarrollo1.alumnoposicionamiento.dev\/?page_id=27"},"modified":"2024-12-18T16:32:27","modified_gmt":"2024-12-18T16:32:27","slug":"te-ayudamos","status":"publish","type":"page","link":"https:\/\/desarrollo1.alumnoposicionamiento.dev\/?page_id=27","title":{"rendered":"\u00bfTE AYUDAMOS?"},"content":{"rendered":"\t\t<div data-elementor-type=\"wp-page\" data-elementor-id=\"27\" class=\"elementor elementor-27\" data-elementor-post-type=\"page\">\n\t\t\t\t\t\t<section class=\"elementor-section elementor-top-section elementor-element elementor-element-5ecb9090 elementor-section-height-min-height elementor-section-boxed elementor-section-height-default elementor-section-items-middle wpr-particle-no wpr-jarallax-no wpr-parallax-no wpr-sticky-section-no\" data-id=\"5ecb9090\" data-element_type=\"section\" data-settings=\"{&quot;background_background&quot;:&quot;classic&quot;,&quot;shape_divider_bottom&quot;:&quot;opacity-tilt&quot;}\">\n\t\t\t\t\t\t\t<div class=\"elementor-background-overlay\"><\/div>\n\t\t\t\t\t\t<div class=\"elementor-shape elementor-shape-bottom\" data-negative=\"false\">\n\t\t\t<svg xmlns=\"http:\/\/www.w3.org\/2000\/svg\" viewBox=\"0 0 2600 131.1\" preserveAspectRatio=\"none\">\n\t<path class=\"elementor-shape-fill\" d=\"M0 0L2600 0 2600 69.1 0 0z\"\/>\n\t<path class=\"elementor-shape-fill\" style=\"opacity:0.5\" d=\"M0 0L2600 0 2600 69.1 0 69.1z\"\/>\n\t<path class=\"elementor-shape-fill\" style=\"opacity:0.25\" d=\"M2600 0L0 0 0 130.1 2600 69.1z\"\/>\n<\/svg>\t\t<\/div>\n\t\t\t\t\t<div class=\"elementor-container elementor-column-gap-default\">\n\t\t\t\t\t<div class=\"elementor-column elementor-col-100 elementor-top-column elementor-element elementor-element-4552886d\" data-id=\"4552886d\" data-element_type=\"column\">\n\t\t\t<div class=\"elementor-widget-wrap elementor-element-populated\">\n\t\t\t\t\t\t<div class=\"elementor-element elementor-element-657affd7 elementor-widget elementor-widget-heading\" data-id=\"657affd7\" data-element_type=\"widget\" data-widget_type=\"heading.default\">\n\t\t\t\t<div class=\"elementor-widget-container\">\n\t\t\t<h2 class=\"elementor-heading-title elementor-size-default\">4 GLORIAS TEAM<\/h2>\t\t<\/div>\n\t\t\t\t<\/div>\n\t\t\t\t<div class=\"elementor-element elementor-element-23a6a281 elementor-widget-divider--view-line elementor-widget elementor-widget-divider\" data-id=\"23a6a281\" data-element_type=\"widget\" data-widget_type=\"divider.default\">\n\t\t\t\t<div class=\"elementor-widget-container\">\n\t\t\t\t\t<div class=\"elementor-divider\">\n\t\t\t<span class=\"elementor-divider-separator\">\n\t\t\t\t\t\t<\/span>\n\t\t<\/div>\n\t\t\t\t<\/div>\n\t\t\t\t<\/div>\n\t\t\t\t\t<\/div>\n\t\t<\/div>\n\t\t\t\t\t<\/div>\n\t\t<\/section>\n\t\t\t\t<section class=\"elementor-section elementor-top-section elementor-element elementor-element-5c75fc2a elementor-section-boxed elementor-section-height-default elementor-section-height-default wpr-particle-no wpr-jarallax-no wpr-parallax-no wpr-sticky-section-no\" data-id=\"5c75fc2a\" data-element_type=\"section\">\n\t\t\t\t\t\t<div class=\"elementor-container elementor-column-gap-default\">\n\t\t\t\t\t<div class=\"elementor-column elementor-col-100 elementor-top-column elementor-element elementor-element-75736145\" data-id=\"75736145\" data-element_type=\"column\">\n\t\t\t<div class=\"elementor-widget-wrap elementor-element-populated\">\n\t\t\t\t\t\t<div class=\"elementor-element elementor-element-19fd26d elementor-widget elementor-widget-heading\" data-id=\"19fd26d\" data-element_type=\"widget\" data-widget_type=\"heading.default\">\n\t\t\t\t<div class=\"elementor-widget-container\">\n\t\t\t<h2 class=\"elementor-heading-title elementor-size-default\">CON\u00d3CENOS<\/h2>\t\t<\/div>\n\t\t\t\t<\/div>\n\t\t\t\t<section class=\"elementor-section elementor-inner-section elementor-element elementor-element-59057045 elementor-section-boxed elementor-section-height-default elementor-section-height-default wpr-particle-no wpr-jarallax-no wpr-parallax-no wpr-sticky-section-no\" data-id=\"59057045\" data-element_type=\"section\" data-settings=\"{&quot;animation&quot;:&quot;none&quot;}\">\n\t\t\t\t\t\t<div class=\"elementor-container elementor-column-gap-default\">\n\t\t\t\t\t<div class=\"elementor-column elementor-col-33 elementor-inner-column elementor-element elementor-element-466a74cb\" data-id=\"466a74cb\" data-element_type=\"column\">\n\t\t\t<div class=\"elementor-widget-wrap elementor-element-populated\">\n\t\t\t\t\t\t<div class=\"elementor-element elementor-element-7bca40ae elementor-widget elementor-widget-wpr-team-member\" data-id=\"7bca40ae\" data-element_type=\"widget\" data-widget_type=\"wpr-team-member.default\">\n\t\t\t\t<div class=\"elementor-widget-container\">\n\t\t\t\n\t<div class=\"wpr-team-member\">\n\t\t\t\t\t\n\t\t\t<div class=\"wpr-member-media\">\n\t\t\t\t<div class=\"wpr-member-image\">\n\t\t\t\t\t<img decoding=\"async\" src=\"https:\/\/desarrollo1.alumnoposicionamiento.dev\/wp-content\/uploads\/2024\/11\/LinkedIn-profile-image-of-a-30-year-old-brunette-woman-with-long-hair-and-glasses.jpg\" alt=\"Milagros Maria\">\n\t\t\t\t<\/div>\n\t\t\t\t\t\t\t<\/div>\n\t\t\t\t\n\t\t\n\t\t<div class=\"wpr-member-content\">\n\t\t\t<h3 class=\"wpr-member-name\">Milagros Maria<\/h3>\n\t\t\t\n\t\t\t\t\t\t\t<div class=\"wpr-member-job\">CEO<\/div>\n\t\t\t\n\t\t\t\n\t\t\t\t\t\t\n\t\t\t<div class=\"wpr-member-btn-wrap\"><a class=\"wpr-member-btn wpr-button-effect wpr-button-none\" href=\"\"><span>Contacta<\/span><\/a><\/div>\t\t<\/div>\n\n\t\t\t<\/div>\n\n\t\t\t<\/div>\n\t\t\t\t<\/div>\n\t\t\t\t<div class=\"elementor-element elementor-element-2b038e1f elementor-widget elementor-widget-wpr-team-member\" data-id=\"2b038e1f\" data-element_type=\"widget\" data-widget_type=\"wpr-team-member.default\">\n\t\t\t\t<div class=\"elementor-widget-container\">\n\t\t\t\n\t<div class=\"wpr-team-member\">\n\t\t\t\t\t\n\t\t\t<div class=\"wpr-member-media\">\n\t\t\t\t<div class=\"wpr-member-image\">\n\t\t\t\t\t<img decoding=\"async\" src=\"https:\/\/desarrollo1.alumnoposicionamiento.dev\/wp-content\/uploads\/2024\/11\/DALL\u00b7E-2024-11-20-15.37.23-A-professional-portrait-of-a-25-year-old-woman-with-medium-brown-skin-green-eyes-and-straight-black-hair-styled-neatly.-She-is-dressed-in-formal-bus.webp\" alt=\"Lola Priego\">\n\t\t\t\t<\/div>\n\t\t\t\t\t\t\t<\/div>\n\t\t\t\t\n\t\t\n\t\t<div class=\"wpr-member-content\">\n\t\t\t<h3 class=\"wpr-member-name\">Lola Priego<\/h3>\n\t\t\t\n\t\t\t\t\t\t\t<div class=\"wpr-member-job\">Dise\u00f1adora gr\u00e1fica<\/div>\n\t\t\t\n\t\t\t\n\t\t\t\t\t\t\n\t\t\t<div class=\"wpr-member-btn-wrap\"><a class=\"wpr-member-btn wpr-button-effect wpr-button-none\" href=\"\"><span>Contacta<\/span><\/a><\/div>\t\t<\/div>\n\n\t\t\t<\/div>\n\n\t\t\t<\/div>\n\t\t\t\t<\/div>\n\t\t\t\t\t<\/div>\n\t\t<\/div>\n\t\t\t\t<div class=\"elementor-column elementor-col-33 elementor-inner-column elementor-element elementor-element-abfe5b\" data-id=\"abfe5b\" data-element_type=\"column\">\n\t\t\t<div class=\"elementor-widget-wrap elementor-element-populated\">\n\t\t\t\t\t\t<div class=\"elementor-element elementor-element-72228a22 elementor-widget elementor-widget-wpr-team-member\" data-id=\"72228a22\" data-element_type=\"widget\" data-widget_type=\"wpr-team-member.default\">\n\t\t\t\t<div class=\"elementor-widget-container\">\n\t\t\t\n\t<div class=\"wpr-team-member\">\n\t\t\t\t\t\n\t\t\t<div class=\"wpr-member-media\">\n\t\t\t\t<div class=\"wpr-member-image\">\n\t\t\t\t\t<img decoding=\"async\" src=\"https:\/\/desarrollo1.alumnoposicionamiento.dev\/wp-content\/uploads\/2024\/11\/DALL\u00b7E-2024-11-20-15.38.58-A-professional-portrait-of-a-young-bald-man-around-25-years-old.-He-has-a-clean-shaven-look-medium-skin-tone-and-is-wearing-formal-business-attire-.webp\" alt=\"Chema Vidal\">\n\t\t\t\t<\/div>\n\t\t\t\t\t\t\t<\/div>\n\t\t\t\t\n\t\t\n\t\t<div class=\"wpr-member-content\">\n\t\t\t<h3 class=\"wpr-member-name\">Chema Vidal<\/h3>\n\t\t\t\n\t\t\t\t\t\t\t<div class=\"wpr-member-job\">Experto en SEO y SEM<\/div>\n\t\t\t\n\t\t\t\n\t\t\t\t\t\t\n\t\t\t<div class=\"wpr-member-btn-wrap\"><a class=\"wpr-member-btn wpr-button-effect wpr-button-none\" href=\"\"><span>Contacta<\/span><\/a><\/div>\t\t<\/div>\n\n\t\t\t<\/div>\n\n\t\t\t<\/div>\n\t\t\t\t<\/div>\n\t\t\t\t<div class=\"elementor-element elementor-element-4939923c elementor-widget elementor-widget-wpr-team-member\" data-id=\"4939923c\" data-element_type=\"widget\" data-widget_type=\"wpr-team-member.default\">\n\t\t\t\t<div class=\"elementor-widget-container\">\n\t\t\t\n\t<div class=\"wpr-team-member\">\n\t\t\t\t\t\n\t\t\t<div class=\"wpr-member-media\">\n\t\t\t\t<div class=\"wpr-member-image\">\n\t\t\t\t\t<img decoding=\"async\" src=\"https:\/\/desarrollo1.alumnoposicionamiento.dev\/wp-content\/uploads\/2024\/11\/un-chico-moreno-de-20-anos-con-el-pelo-despeinado-para-LinkedIn.jpg\" alt=\"Javi Fentanilos\">\n\t\t\t\t<\/div>\n\t\t\t\t\t\t\t<\/div>\n\t\t\t\t\n\t\t\n\t\t<div class=\"wpr-member-content\">\n\t\t\t<h3 class=\"wpr-member-name\">Javi Fentanilos<\/h3>\n\t\t\t\n\t\t\t\t\t\t\t<div class=\"wpr-member-job\">Social media<\/div>\n\t\t\t\n\t\t\t\n\t\t\t\t\t\t\n\t\t\t<div class=\"wpr-member-btn-wrap\"><a class=\"wpr-member-btn wpr-button-effect wpr-button-none\" href=\"\"><span>Contacta<\/span><\/a><\/div>\t\t<\/div>\n\n\t\t\t<\/div>\n\n\t\t\t<\/div>\n\t\t\t\t<\/div>\n\t\t\t\t\t<\/div>\n\t\t<\/div>\n\t\t\t\t<div class=\"elementor-column elementor-col-33 elementor-inner-column elementor-element elementor-element-16b07779\" data-id=\"16b07779\" data-element_type=\"column\">\n\t\t\t<div class=\"elementor-widget-wrap elementor-element-populated\">\n\t\t\t\t\t\t<div class=\"elementor-element elementor-element-6fa4fcbe elementor-widget elementor-widget-wpr-team-member\" data-id=\"6fa4fcbe\" data-element_type=\"widget\" data-widget_type=\"wpr-team-member.default\">\n\t\t\t\t<div class=\"elementor-widget-container\">\n\t\t\t\n\t<div class=\"wpr-team-member\">\n\t\t\t\t\t\n\t\t\t<div class=\"wpr-member-media\">\n\t\t\t\t<div class=\"wpr-member-image\">\n\t\t\t\t\t<img decoding=\"async\" src=\"https:\/\/desarrollo1.alumnoposicionamiento.dev\/wp-content\/uploads\/2024\/11\/LinkedIn-profile-picture-of-a-20-year-old-brunette-girl-with-long-hair-and-brown-eyes.jpg\" alt=\"Leyla Anguita\">\n\t\t\t\t<\/div>\n\t\t\t\t\t\t\t<\/div>\n\t\t\t\t\n\t\t\n\t\t<div class=\"wpr-member-content\">\n\t\t\t<h3 class=\"wpr-member-name\">Leyla Anguita<\/h3>\n\t\t\t\n\t\t\t\t\t\t\t<div class=\"wpr-member-job\">Dise\u00f1adora web<\/div>\n\t\t\t\n\t\t\t\n\t\t\t\t\t\t\n\t\t\t<div class=\"wpr-member-btn-wrap\"><a class=\"wpr-member-btn wpr-button-effect wpr-button-none\" href=\"\"><span>Contacta<\/span><\/a><\/div>\t\t<\/div>\n\n\t\t\t<\/div>\n\n\t\t\t<\/div>\n\t\t\t\t<\/div>\n\t\t\t\t<div class=\"elementor-element elementor-element-3ca594ab elementor-widget elementor-widget-wpr-team-member\" data-id=\"3ca594ab\" data-element_type=\"widget\" data-widget_type=\"wpr-team-member.default\">\n\t\t\t\t<div class=\"elementor-widget-container\">\n\t\t\t\n\t<div class=\"wpr-team-member\">\n\t\t\t\t\t\n\t\t\t<div class=\"wpr-member-media\">\n\t\t\t\t<div class=\"wpr-member-image\">\n\t\t\t\t\t<img decoding=\"async\" src=\"https:\/\/desarrollo1.alumnoposicionamiento.dev\/wp-content\/uploads\/2024\/11\/Captura-de-pantalla-2024-11-20-161626.png\" alt=\"Pablo Fuchen\">\n\t\t\t\t<\/div>\n\t\t\t\t\t\t\t<\/div>\n\t\t\t\t\n\t\t\n\t\t<div class=\"wpr-member-content\">\n\t\t\t<h3 class=\"wpr-member-name\">Pablo Fuchen<\/h3>\n\t\t\t\n\t\t\t\t\t\t\t<div class=\"wpr-member-job\">Inform\u00e1tico<\/div>\n\t\t\t\n\t\t\t\n\t\t\t\t\t\t\n\t\t\t<div class=\"wpr-member-btn-wrap\"><a class=\"wpr-member-btn wpr-button-effect wpr-button-none\" href=\"\"><span>Contacta<\/span><\/a><\/div>\t\t<\/div>\n\n\t\t\t<\/div>\n\n\t\t\t<\/div>\n\t\t\t\t<\/div>\n\t\t\t\t\t<\/div>\n\t\t<\/div>\n\t\t\t\t\t<\/div>\n\t\t<\/section>\n\t\t\t\t\t<\/div>\n\t\t<\/div>\n\t\t\t\t\t<\/div>\n\t\t<\/section>\n\t\t\t\t<section class=\"elementor-section elementor-top-section elementor-element elementor-element-5a956279 elementor-section-boxed elementor-section-height-default elementor-section-height-default wpr-particle-no wpr-jarallax-no wpr-parallax-no wpr-sticky-section-no\" data-id=\"5a956279\" data-element_type=\"section\" data-settings=\"{&quot;background_background&quot;:&quot;classic&quot;}\">\n\t\t\t\t\t\t\t<div class=\"elementor-background-overlay\"><\/div>\n\t\t\t\t\t\t\t<div class=\"elementor-container elementor-column-gap-default\">\n\t\t\t\t\t<div class=\"elementor-column elementor-col-100 elementor-top-column elementor-element elementor-element-4aff2afb\" data-id=\"4aff2afb\" data-element_type=\"column\">\n\t\t\t<div class=\"elementor-widget-wrap elementor-element-populated\">\n\t\t\t\t\t\t<div class=\"elementor-element elementor-element-d5d4c41 elementor-widget elementor-widget-heading\" data-id=\"d5d4c41\" data-element_type=\"widget\" data-widget_type=\"heading.default\">\n\t\t\t\t<div class=\"elementor-widget-container\">\n\t\t\t<h2 class=\"elementor-heading-title elementor-size-default\">10 a\u00f1os de experiencia en el sector digital<\/h2>\t\t<\/div>\n\t\t\t\t<\/div>\n\t\t\t\t<div class=\"elementor-element elementor-element-3811039c elementor-widget elementor-widget-text-editor\" data-id=\"3811039c\" data-element_type=\"widget\" data-widget_type=\"text-editor.default\">\n\t\t\t\t<div class=\"elementor-widget-container\">\n\t\t\t\t\t\t\t<p>!No lo decimos nosotros! Las estad\u00edsticas hablan por si solas.<\/p>\t\t\t\t\t\t<\/div>\n\t\t\t\t<\/div>\n\t\t\t\t<section class=\"elementor-section elementor-inner-section elementor-element elementor-element-5fc7ca13 elementor-section-boxed elementor-section-height-default elementor-section-height-default wpr-particle-no wpr-jarallax-no wpr-parallax-no wpr-sticky-section-no\" data-id=\"5fc7ca13\" data-element_type=\"section\">\n\t\t\t\t\t\t<div class=\"elementor-container elementor-column-gap-default\">\n\t\t\t\t\t<div class=\"elementor-column elementor-col-25 elementor-inner-column elementor-element elementor-element-37863498\" data-id=\"37863498\" data-element_type=\"column\">\n\t\t\t<div class=\"elementor-widget-wrap elementor-element-populated\">\n\t\t\t\t\t\t<div class=\"elementor-element elementor-element-25ce4b40 elementor-widget elementor-widget-counter\" data-id=\"25ce4b40\" data-element_type=\"widget\" data-widget_type=\"counter.default\">\n\t\t\t\t<div class=\"elementor-widget-container\">\n\t\t\t\t\t<div class=\"elementor-counter\">\n\t\t\t<div class=\"elementor-counter-title\">Happy Clients<\/div>\t\t\t<div class=\"elementor-counter-number-wrapper\">\n\t\t\t\t<span class=\"elementor-counter-number-prefix\"><\/span>\n\t\t\t\t<span class=\"elementor-counter-number\" data-duration=\"2000\" data-to-value=\"99\" data-from-value=\"0\" data-delimiter=\",\">0<\/span>\n\t\t\t\t<span class=\"elementor-counter-number-suffix\">%<\/span>\n\t\t\t<\/div>\n\t\t<\/div>\n\t\t\t\t<\/div>\n\t\t\t\t<\/div>\n\t\t\t\t\t<\/div>\n\t\t<\/div>\n\t\t\t\t<div class=\"elementor-column elementor-col-25 elementor-inner-column elementor-element elementor-element-69cf0fd\" data-id=\"69cf0fd\" data-element_type=\"column\">\n\t\t\t<div class=\"elementor-widget-wrap elementor-element-populated\">\n\t\t\t\t\t\t<div class=\"elementor-element elementor-element-309f5ad9 elementor-widget elementor-widget-counter\" data-id=\"309f5ad9\" data-element_type=\"widget\" data-widget_type=\"counter.default\">\n\t\t\t\t<div class=\"elementor-widget-container\">\n\t\t\t\t\t<div class=\"elementor-counter\">\n\t\t\t<div class=\"elementor-counter-title\">Business Ally<\/div>\t\t\t<div class=\"elementor-counter-number-wrapper\">\n\t\t\t\t<span class=\"elementor-counter-number-prefix\">+<\/span>\n\t\t\t\t<span class=\"elementor-counter-number\" data-duration=\"2000\" data-to-value=\"350\" data-from-value=\"0\" data-delimiter=\",\">0<\/span>\n\t\t\t\t<span class=\"elementor-counter-number-suffix\"><\/span>\n\t\t\t<\/div>\n\t\t<\/div>\n\t\t\t\t<\/div>\n\t\t\t\t<\/div>\n\t\t\t\t\t<\/div>\n\t\t<\/div>\n\t\t\t\t<div class=\"elementor-column elementor-col-25 elementor-inner-column elementor-element elementor-element-6dfe8f10\" data-id=\"6dfe8f10\" data-element_type=\"column\">\n\t\t\t<div class=\"elementor-widget-wrap elementor-element-populated\">\n\t\t\t\t\t\t<div class=\"elementor-element elementor-element-297cf5a3 elementor-widget elementor-widget-counter\" data-id=\"297cf5a3\" data-element_type=\"widget\" data-widget_type=\"counter.default\">\n\t\t\t\t<div class=\"elementor-widget-container\">\n\t\t\t\t\t<div class=\"elementor-counter\">\n\t\t\t<div class=\"elementor-counter-title\">Awards Win<\/div>\t\t\t<div class=\"elementor-counter-number-wrapper\">\n\t\t\t\t<span class=\"elementor-counter-number-prefix\">+<\/span>\n\t\t\t\t<span class=\"elementor-counter-number\" data-duration=\"2000\" data-to-value=\"250\" data-from-value=\"0\" data-delimiter=\",\">0<\/span>\n\t\t\t\t<span class=\"elementor-counter-number-suffix\"><\/span>\n\t\t\t<\/div>\n\t\t<\/div>\n\t\t\t\t<\/div>\n\t\t\t\t<\/div>\n\t\t\t\t\t<\/div>\n\t\t<\/div>\n\t\t\t\t<div class=\"elementor-column elementor-col-25 elementor-inner-column elementor-element elementor-element-4b628d95\" data-id=\"4b628d95\" data-element_type=\"column\">\n\t\t\t<div class=\"elementor-widget-wrap elementor-element-populated\">\n\t\t\t\t\t\t<div class=\"elementor-element elementor-element-34068e61 elementor-widget elementor-widget-counter\" data-id=\"34068e61\" data-element_type=\"widget\" data-widget_type=\"counter.default\">\n\t\t\t\t<div class=\"elementor-widget-container\">\n\t\t\t\t\t<div class=\"elementor-counter\">\n\t\t\t<div class=\"elementor-counter-title\">Cases Done<\/div>\t\t\t<div class=\"elementor-counter-number-wrapper\">\n\t\t\t\t<span class=\"elementor-counter-number-prefix\">+<\/span>\n\t\t\t\t<span class=\"elementor-counter-number\" data-duration=\"2000\" data-to-value=\"300\" data-from-value=\"0\" data-delimiter=\",\">0<\/span>\n\t\t\t\t<span class=\"elementor-counter-number-suffix\"><\/span>\n\t\t\t<\/div>\n\t\t<\/div>\n\t\t\t\t<\/div>\n\t\t\t\t<\/div>\n\t\t\t\t\t<\/div>\n\t\t<\/div>\n\t\t\t\t\t<\/div>\n\t\t<\/section>\n\t\t\t\t\t<\/div>\n\t\t<\/div>\n\t\t\t\t\t<\/div>\n\t\t<\/section>\n\t\t\t\t<\/div>\n\t\t","protected":false},"excerpt":{"rendered":"<p>4 GLORIAS TEAM CON\u00d3CENOS Milagros Maria CEO Contacta Lola Priego Dise\u00f1adora gr\u00e1fica Contacta Chema Vidal Experto en SEO y SEM Contacta Javi Fentanilos Social media Contacta Leyla Anguita Dise\u00f1adora web Contacta Pablo Fuchen Inform\u00e1tico Contacta 10 a\u00f1os de experiencia en el sector digital !No lo decimos nosotros! Las estad\u00edsticas hablan por si solas. Happy Clients 0 % Business Ally + 0 Awards Win + 0 Cases Done + 0<\/p>\n","protected":false},"author":1,"featured_media":0,"parent":0,"menu_order":0,"comment_status":"closed","ping_status":"closed","template":"","meta":{"footnotes":""},"class_list":["post-27","page","type-page","status-publish","hentry"],"yoast_head":"<!-- This site is optimized with the Yoast SEO plugin v23.4 - https:\/\/yoast.com\/wordpress\/plugins\/seo\/ -->\n<title>\u00bfTE AYUDAMOS? -<\/title>\n<meta name=\"robots\" content=\"index, follow, max-snippet:-1, max-image-preview:large, max-video-preview:-1\" \/>\n<link rel=\"canonical\" href=\"https:\/\/desarrollo1.alumnoposicionamiento.dev\/?page_id=27\" \/>\n<meta property=\"og:locale\" content=\"es_ES\" \/>\n<meta property=\"og:type\" content=\"article\" \/>\n<meta property=\"og:title\" content=\"\u00bfTE AYUDAMOS? -\" \/>\n<meta property=\"og:description\" content=\"4 GLORIAS TEAM CON\u00d3CENOS Milagros Maria CEO Contacta Lola Priego Dise\u00f1adora gr\u00e1fica Contacta Chema Vidal Experto en SEO y SEM Contacta Javi Fentanilos Social media Contacta Leyla Anguita Dise\u00f1adora web Contacta Pablo Fuchen Inform\u00e1tico Contacta 10 a\u00f1os de experiencia en el sector digital !No lo decimos nosotros! Las estad\u00edsticas hablan por si solas. Happy Clients 0 % Business Ally + 0 Awards Win + 0 Cases Done + 0\" \/>\n<meta property=\"og:url\" content=\"https:\/\/desarrollo1.alumnoposicionamiento.dev\/?page_id=27\" \/>\n<meta property=\"article:modified_time\" content=\"2024-12-18T16:32:27+00:00\" \/>\n<meta property=\"og:image\" content=\"https:\/\/desarrollo1.alumnoposicionamiento.dev\/wp-content\/uploads\/2024\/11\/LinkedIn-profile-image-of-a-30-year-old-brunette-woman-with-long-hair-and-glasses.jpg\" \/>\n<meta name=\"twitter:card\" content=\"summary_large_image\" \/>\n<meta name=\"twitter:label1\" content=\"Tiempo de lectura\" \/>\n\t<meta name=\"twitter:data1\" content=\"2 minutos\" \/>\n<script type=\"application\/ld+json\" class=\"yoast-schema-graph\">{\"@context\":\"https:\/\/schema.org\",\"@graph\":[{\"@type\":\"WebPage\",\"@id\":\"https:\/\/desarrollo1.alumnoposicionamiento.dev\/?page_id=27\",\"url\":\"https:\/\/desarrollo1.alumnoposicionamiento.dev\/?page_id=27\",\"name\":\"\u00bfTE AYUDAMOS? -\",\"isPartOf\":{\"@id\":\"https:\/\/desarrollo1.alumnoposicionamiento.dev\/#website\"},\"primaryImageOfPage\":{\"@id\":\"https:\/\/desarrollo1.alumnoposicionamiento.dev\/?page_id=27#primaryimage\"},\"image\":{\"@id\":\"https:\/\/desarrollo1.alumnoposicionamiento.dev\/?page_id=27#primaryimage\"},\"thumbnailUrl\":\"https:\/\/desarrollo1.alumnoposicionamiento.dev\/wp-content\/uploads\/2024\/11\/LinkedIn-profile-image-of-a-30-year-old-brunette-woman-with-long-hair-and-glasses.jpg\",\"datePublished\":\"2024-10-09T15:28:18+00:00\",\"dateModified\":\"2024-12-18T16:32:27+00:00\",\"breadcrumb\":{\"@id\":\"https:\/\/desarrollo1.alumnoposicionamiento.dev\/?page_id=27#breadcrumb\"},\"inLanguage\":\"es\",\"potentialAction\":[{\"@type\":\"ReadAction\",\"target\":[\"https:\/\/desarrollo1.alumnoposicionamiento.dev\/?page_id=27\"]}]},{\"@type\":\"ImageObject\",\"inLanguage\":\"es\",\"@id\":\"https:\/\/desarrollo1.alumnoposicionamiento.dev\/?page_id=27#primaryimage\",\"url\":\"https:\/\/desarrollo1.alumnoposicionamiento.dev\/wp-content\/uploads\/2024\/11\/LinkedIn-profile-image-of-a-30-year-old-brunette-woman-with-long-hair-and-glasses.jpg\",\"contentUrl\":\"https:\/\/desarrollo1.alumnoposicionamiento.dev\/wp-content\/uploads\/2024\/11\/LinkedIn-profile-image-of-a-30-year-old-brunette-woman-with-long-hair-and-glasses.jpg\",\"width\":1024,\"height\":1024},{\"@type\":\"BreadcrumbList\",\"@id\":\"https:\/\/desarrollo1.alumnoposicionamiento.dev\/?page_id=27#breadcrumb\",\"itemListElement\":[{\"@type\":\"ListItem\",\"position\":1,\"name\":\"Portada\",\"item\":\"https:\/\/desarrollo1.alumnoposicionamiento.dev\/\"},{\"@type\":\"ListItem\",\"position\":2,\"name\":\"\u00bfTE AYUDAMOS?\"}]},{\"@type\":\"WebSite\",\"@id\":\"https:\/\/desarrollo1.alumnoposicionamiento.dev\/#website\",\"url\":\"https:\/\/desarrollo1.alumnoposicionamiento.dev\/\",\"name\":\"\",\"description\":\"\",\"potentialAction\":[{\"@type\":\"SearchAction\",\"target\":{\"@type\":\"EntryPoint\",\"urlTemplate\":\"https:\/\/desarrollo1.alumnoposicionamiento.dev\/?s={search_term_string}\"},\"query-input\":{\"@type\":\"PropertyValueSpecification\",\"valueRequired\":true,\"valueName\":\"search_term_string\"}}],\"inLanguage\":\"es\"}]}<\/script>\n<!-- \/ Yoast SEO plugin. -->","yoast_head_json":{"title":"\u00bfTE AYUDAMOS? -","robots":{"index":"index","follow":"follow","max-snippet":"max-snippet:-1","max-image-preview":"max-image-preview:large","max-video-preview":"max-video-preview:-1"},"canonical":"https:\/\/desarrollo1.alumnoposicionamiento.dev\/?page_id=27","og_locale":"es_ES","og_type":"article","og_title":"\u00bfTE AYUDAMOS? -","og_description":"4 GLORIAS TEAM CON\u00d3CENOS Milagros Maria CEO Contacta Lola Priego Dise\u00f1adora gr\u00e1fica Contacta Chema Vidal Experto en SEO y SEM Contacta Javi Fentanilos Social media Contacta Leyla Anguita Dise\u00f1adora web Contacta Pablo Fuchen Inform\u00e1tico Contacta 10 a\u00f1os de experiencia en el sector digital !No lo decimos nosotros! Las estad\u00edsticas hablan por si solas. Happy Clients 0 % Business Ally + 0 Awards Win + 0 Cases Done + 0","og_url":"https:\/\/desarrollo1.alumnoposicionamiento.dev\/?page_id=27","article_modified_time":"2024-12-18T16:32:27+00:00","og_image":[{"url":"https:\/\/desarrollo1.alumnoposicionamiento.dev\/wp-content\/uploads\/2024\/11\/LinkedIn-profile-image-of-a-30-year-old-brunette-woman-with-long-hair-and-glasses.jpg"}],"twitter_card":"summary_large_image","twitter_misc":{"Tiempo de lectura":"2 minutos"},"schema":{"@context":"https:\/\/schema.org","@graph":[{"@type":"WebPage","@id":"https:\/\/desarrollo1.alumnoposicionamiento.dev\/?page_id=27","url":"https:\/\/desarrollo1.alumnoposicionamiento.dev\/?page_id=27","name":"\u00bfTE AYUDAMOS? -","isPartOf":{"@id":"https:\/\/desarrollo1.alumnoposicionamiento.dev\/#website"},"primaryImageOfPage":{"@id":"https:\/\/desarrollo1.alumnoposicionamiento.dev\/?page_id=27#primaryimage"},"image":{"@id":"https:\/\/desarrollo1.alumnoposicionamiento.dev\/?page_id=27#primaryimage"},"thumbnailUrl":"https:\/\/desarrollo1.alumnoposicionamiento.dev\/wp-content\/uploads\/2024\/11\/LinkedIn-profile-image-of-a-30-year-old-brunette-woman-with-long-hair-and-glasses.jpg","datePublished":"2024-10-09T15:28:18+00:00","dateModified":"2024-12-18T16:32:27+00:00","breadcrumb":{"@id":"https:\/\/desarrollo1.alumnoposicionamiento.dev\/?page_id=27#breadcrumb"},"inLanguage":"es","potentialAction":[{"@type":"ReadAction","target":["https:\/\/desarrollo1.alumnoposicionamiento.dev\/?page_id=27"]}]},{"@type":"ImageObject","inLanguage":"es","@id":"https:\/\/desarrollo1.alumnoposicionamiento.dev\/?page_id=27#primaryimage","url":"https:\/\/desarrollo1.alumnoposicionamiento.dev\/wp-content\/uploads\/2024\/11\/LinkedIn-profile-image-of-a-30-year-old-brunette-woman-with-long-hair-and-glasses.jpg","contentUrl":"https:\/\/desarrollo1.alumnoposicionamiento.dev\/wp-content\/uploads\/2024\/11\/LinkedIn-profile-image-of-a-30-year-old-brunette-woman-with-long-hair-and-glasses.jpg","width":1024,"height":1024},{"@type":"BreadcrumbList","@id":"https:\/\/desarrollo1.alumnoposicionamiento.dev\/?page_id=27#breadcrumb","itemListElement":[{"@type":"ListItem","position":1,"name":"Portada","item":"https:\/\/desarrollo1.alumnoposicionamiento.dev\/"},{"@type":"ListItem","position":2,"name":"\u00bfTE AYUDAMOS?"}]},{"@type":"WebSite","@id":"https:\/\/desarrollo1.alumnoposicionamiento.dev\/#website","url":"https:\/\/desarrollo1.alumnoposicionamiento.dev\/","name":"","description":"","potentialAction":[{"@type":"SearchAction","target":{"@type":"EntryPoint","urlTemplate":"https:\/\/desarrollo1.alumnoposicionamiento.dev\/?s={search_term_string}"},"query-input":{"@type":"PropertyValueSpecification","valueRequired":true,"valueName":"search_term_string"}}],"inLanguage":"es"}]}},"_links":{"self":[{"href":"https:\/\/desarrollo1.alumnoposicionamiento.dev\/index.php?rest_route=\/wp\/v2\/pages\/27","targetHints":{"allow":["GET"]}}],"collection":[{"href":"https:\/\/desarrollo1.alumnoposicionamiento.dev\/index.php?rest_route=\/wp\/v2\/pages"}],"about":[{"href":"https:\/\/desarrollo1.alumnoposicionamiento.dev\/index.php?rest_route=\/wp\/v2\/types\/page"}],"author":[{"embeddable":true,"href":"https:\/\/desarrollo1.alumnoposicionamiento.dev\/index.php?rest_route=\/wp\/v2\/users\/1"}],"replies":[{"embeddable":true,"href":"https:\/\/desarrollo1.alumnoposicionamiento.dev\/index.php?rest_route=%2Fwp%2Fv2%2Fcomments&post=27"}],"version-history":[{"count":17,"href":"https:\/\/desarrollo1.alumnoposicionamiento.dev\/index.php?rest_route=\/wp\/v2\/pages\/27\/revisions"}],"predecessor-version":[{"id":474,"href":"https:\/\/desarrollo1.alumnoposicionamiento.dev\/index.php?rest_route=\/wp\/v2\/pages\/27\/revisions\/474"}],"wp:attachment":[{"href":"https:\/\/desarrollo1.alumnoposicionamiento.dev\/index.php?rest_route=%2Fwp%2Fv2%2Fmedia&parent=27"}],"curies":[{"name":"wp","href":"https:\/\/api.w.org\/{rel}","templated":true}]}}